-51 + -2. What is the highest common divisor of g and 39?
39
Let n(u) = 5*u**2 - 4*u + 3. Let a be n(3). Let w be (-1)/((-12)/8)*6. What is the greatest common divisor of w and a?
4
Let y = 35 - 17. What is the greatest common factor of y and 162?
18
Suppose -5*d + 5*g - 2 = g, 3*d - 3*g + 3 = 0. Calculate the greatest common factor of d and 26.
2
Let i(z) = -z**2 + 2*z + 0 + 0*z**2 - 7*z - 2. Let n be i(-4). Calculate the greatest common factor of 2 and n.
2
Let i = -51 + 87. Let d = -12 + 25. Suppose 3*g = 2*o - 30, 0 = o - g - 1 - d. Calculate the greatest common factor of i and o.
12
Let r = 19 - 0. Let p = r + -16. What is the highest common divisor of p and 12?
3
Let p be (96/(-30))/(4/(-10)). Calculate the highest common divisor of p and 24.
8
Let s be (-2)/(-8) + 430/40. What is the greatest common divisor of 88 and s?
11
Suppose -11*n = -15*n + 256. Calculate the greatest common divisor of 16 and n.
16
Let s be (-8)/(-20) + 52/(-5). Let g = s - -10. Suppose -3*v + g = -33. Calculate the greatest common factor of v and 33.
11
Let x(a) = a**2 + a - 7. Let w be x(-5). What is the greatest common divisor of w and 143?
13
Suppose -2*v - 3*u = -6, -13 = -5*v + 4*v + u. Calculate the greatest common factor of v and 6.
3
Suppose 7*z = 46 - 18. Let q(n) = 6*n**2 + 3*n + 2. Let b be q(-2). What is the highest common factor of b and z?
4
Suppose 0*a - 2*a + 4 = 0. What is the greatest common divisor of 20 and a?
2
Let k(v) = -20*v - 3. Let b be k(-4). Let l(o) = 6*o**2 + o + 1. Let x be l(2). Let q = -16 + x. What is the greatest common divisor of q and b?
11
Let n(t) = 5*t**2 + 4*t + 9. Let o(i) = -3*i**2 - 2*i - 5. Let b(h) = -4*n(h) - 7*o(h). Let y be b(5). Calculate the greatest common divisor of 112 and y.
14
Let d = 2 - -1. Let v be 19/d + (-1)/3. What is the highest common divisor of 2 and v?
2
Suppose 2*k - 28 = k. Calculate the highest common divisor of 7 and k.
7
Suppose -2*z + 0*z = -4*m + 314, -5*m = -3*z - 391. Let k = 3 + -2. Let r(u) = 7*u**2 + u. Let t be r(k). Calculate the greatest common divisor of t and m.
8
Let s = -25 + 28. What is the highest common factor of 6 and s?
3
Let g be ((-16)/12)/(4/(-24)). Let a be (0 + -52)/(g/(-4)). Calculate the highest common factor of 39 and a.
13
Let z be ((-4)/(-8))/((-1)/(-50)). Suppose -2 = -2*d + 4. Suppose d*f = 15 + 15. Calculate the highest common factor of z and f.
5
Let x be (1 - 0 - -1)*468/24. Calculate the highest common divisor of 117 and x.
39
Let n be (1 - -1)*-1 + -50. Let y = n + 77. What is the highest common factor of 10 and y?
5
Suppose 17 + 39 = 2*g. Let q(m) = m**2 - m - m + 3 - 4. Let t be q(-3). What is the greatest common divisor of g and t?
14
Suppose 4*f - f - 45 = 0. Let c be (21/6 - -3) + (-4)/8. What is the highest common factor of f and c?
3
Suppose 0 = 4*r - 5*c - 49, 5 + 9 = 4*r + 2*c. Let f = 8 + -6. Calculate the greatest common divisor of f and r.
2
Suppose -b - 1 = -5. Suppose 7 + b = q. What is the highest common divisor of q and 88?
11
Let d be (24/(-9))/((-18)/783). What is the highest common factor of 29 and d?
29
Suppose 4*f + 28 = 2*h, 6*h + 5*f - 85 = h. What is the greatest common divisor of 8 and h?
8
Suppose 0 = -2*h - 2*x + 834, -4*h + 2*x = -0*x - 1662. Suppose 3*v + 2*z = -2*z + 312, z - h = -4*v. What is the greatest common divisor of v and 13?
13
Suppose -3*v + 9*f + 9 = 4*f, 3*v = f - 3. Let t = -1 - v. Let a(l) = -l**3 - 2*l**2 - 4. Let q be a(-3). What is the highest common divisor of q and t?
1
Suppose -107*u = -114*u + 315. Let i(k) = -k**3 + 6*k**2 - 7. Let b be i(5). Calculate the greatest common factor of b and u.
9
Let t = 109 + -95. What is the highest common factor of t and 35?
7
Suppose 3*h = -9, 3*h + 35 = 6*c - 4*c. Suppose 0 = o - 2*o + 3. Suppose o*r - r = i - 75, 70 = i - r. Calculate the greatest common divisor of i and c.
13
Suppose 0 = t + 10*t - 352. Calculate the greatest common divisor of t and 32.
32
Let k(a) = 14*a - 1. Let n be k(6). Suppose 8*x = 7*x + 311. Suppose 0*v - r + n = v, -4*v + 3*r = -x. What is the greatest common factor of v and 16?
16
Let b(r) = r + 10. Let l be b(-7). Suppose 0 = 5*t + 5*a - 255, a = 2*a - l. Let u be (-1 - (-10)/(-8))*(-16)/6. What is the highest common divisor of u and t?
6
Let u = 17 - 65. Let o = 68 + u. Calculate the greatest common divisor of 50 and o.
10
Suppose -4*l - l = -5. What is the greatest common divisor of l and 7?
1
Let d = -58 + 102. Calculate the greatest common divisor of 11 and d.
11
Suppose -24 = -x - x + 4*c, -88 = -5*x - 4*c. Suppose -v = -2, 5*v + 150 = 12*f - 7*f. What is the highest common divisor of f and x?
16
Let d be (-31)/1*(-2 + -12). Let u = -308 + d. What is the highest common divisor of 14 and u?
14
Suppose 4 = 3*a - 7*a. Let j be (-3)/a - (-596)/4. What is the highest common divisor of 19 and j?
19
Let n = 11 + -10. Let s be ((-13)/(1/n))/(-1). Calculate the highest common divisor of 13 and s.
13
Let t = -14 + 39. Let y = t + -19. What is the highest common divisor of y and 48?
6
Suppose 0 = 3*i - 149 - 67. Calculate the highest common divisor of 12 and i.
12
Suppose 14 - 4 = 5*d. Suppose 2 = -3*z + 4*o, 0 = z - 2*z + 4*o - 14. What is the greatest common factor of z and d?
2
Let s = 24 + 18. Let q(m) = -m - 9 + 3 + 12 + 14. Let j be q(14). What is the highest common divisor of j and s?
6
Suppose -3*w + 5*m + 391 + 129 = 0, 3*m - 810 = -5*w. Calculate the greatest common divisor of w and 15.
15
Suppose 9*w - 4*w - 125 = 0. Let b be w/5 + (0 - 0). Let o be ((-3)/6)/(-1)*2. Calculate the greatest common factor of o and b.
1
Suppose -6*m = 5*b - 2*m - 21, 2*b = 4*m - 14. Let t be b/(-1)*-1 + 5. Suppose -48 = 3*v - 7*v. Calculate the highest common factor of v and t.
6
Let c(y) = -y**3 - 7*y**2 + 3*y - 4. Let k be c(-8). Calculate the greatest common divisor of k and 9.
9
Suppose f = 3*g - 101, -2*g - g + 89 = 5*f. Calculate the highest common factor of g and 330.
33
Suppose -130 - 94 = -4*u. Calculate the greatest common factor of u and 8.
8
Let k = 13 + -11. Let s = k - 1. Calculate the greatest common factor of s and 5.
1
Let s(d) = -d**2 + 10*d + 8. Let w be s(9). What is the greatest common divisor of w and 17?
17
Let j(q) = -q**3 + 3*q**2 - 3*q + 3. Let h be j(2). Let t be 2/10 - 147/(-15). What is the highest common divisor of t and h?
1
Let c(f) = f + 2. Let i be c(-1). Let y be (i - 4)*(-52)/6. Suppose -3*j - h + 19 = -y, -76 = -4*j + 4*h. Calculate the greatest common factor of j and 24.
8
Let o(p) = -4*p**3 - p**2 + 1. Let w be o(-1). Suppose 2*h = 6*h. Suppose -s + h*s + 28 = 0. What is the greatest common divisor of w and s?
4
Let m = -5 - -41. Calculate the highest common divisor of 9 and m.
9
Let u be (-21)/9*-1*9. Calculate the greatest common factor of 21 and u.
21
Suppose -3*k = 3*v - 42, 0*v = 5*k - 2*v - 56. Calculate the highest common divisor of k and 3.
3
Let a = 63 - 26. Suppose -2*c - 5 = -a. Suppose 2*f + 352 = 4*f. Calculate the greatest common divisor of c and f.
16
Suppose 5*w - 124 = -4*l + 156, w - 2*l = 56. What is the greatest common factor of w and 196?
28
Let t = 18 + -12. What is the highest common factor of 6 and t?
6
Suppose -3*g + 56 = 4*h, -g - 4*g = 5*h - 70. Calculate the highest common factor of h and 70.
14
Let m(k) = -k**3 + 8*k**2 - 7*k + 12. Let u be m(7). Suppose -120 + u = -4*x. What is the greatest common divisor of 81 and x?
27
Let c(q) = -3*q**3 - 2*q**2 - 3*q - 3. Let u be c(-2). Suppose 2*f + 182 = 30. Let k = -38 - f. Calculate the highest common factor of k and u.
19
Suppose 5*i - 73 = 167. Calculate the highest common divisor of i and 16.
16
Let j be 4/4*-1*36. Let o be j*(0 - (-2 - -3)). Calculate the highest common divisor of 90 and o.
18
Let l = -15 - -37. Let s be (-1054)/(-6) - (-8)/24. Calculate the highest common factor of s and l.
22
Let z be ((-4)/(-8))/(1/2). Let v(j) = 46*j**3 - j**2. Let f be v(z). Calculate the highest common factor of f and 5.
5
Suppose z - 4*y = 4*z - 70, 0 = 3*y - 12. What is the highest common factor of z and 27?
9
Let o be (-12)/4*(-2)/(-3). Let g be o*(-18)/(-8)*-2. Calculate the greatest common factor of g and 3.
3
Suppose 2*m + 15 = -5*c, 2*m + 1 + 11 = -2*c. Let q be (c - -2) + 49 + -5. Calculate the greatest common divisor of q and 5.
5
Suppose 2*q